{"id":16,"date":"2021-12-04T10:22:39","date_gmt":"2021-12-04T09:22:39","guid":{"rendered":"http:\/\/localhost\/Martid%C3%A9co\/?page_id=16"},"modified":"2024-04-28T18:32:58","modified_gmt":"2024-04-28T16:32:58","slug":"16-2","status":"publish","type":"page","link":"https:\/\/martideco.net\/index.php\/16-2\/","title":{"rendered":"Tapisserie d&rsquo;ameublement"},"content":{"rendered":"<div class=\"wpb-content-wrapper\"><p>[vc_row gap=\u00a0\u00bb\u00a0\u00bb pix_padding_top=\u00a0\u00bb\u00a0\u00bb pix_padding_bottom=\u00a0\u00bb\u00a0\u00bb radius=\u00a0\u00bb\u00a0\u00bb ptextcolor=\u00a0\u00bb\u00a0\u00bb overflow=\u00a0\u00bb\u00a0\u00bb gradient_direction=\u00a0\u00bb\u00a0\u00bb gradient_opacity=\u00a0\u00bb\u00a0\u00bb shadow=\u00a0\u00bb\u00a0\u00bb shadow_effect=\u00a0\u00bb\u00a0\u00bb][vc_column][vc_column_text]<\/p>\n<h2 style=\"text-align: center;\">Tapisserie d&rsquo;ameublement<\/h2>\n<p>[\/vc_column_text][vc_column_text css=\u00a0\u00bb\u00a0\u00bb]<\/p>\n<p class=\"text-center\" style=\"text-align: center;\">De la simple re-couverture \u00e0 la r\u00e9fection compl\u00e8te de vos si\u00e8ges, je leur redonne une seconde vie dans le plus pur respect de la tradition et de qualit\u00e9 : sanglage, ressorts et garniture en crin. Quelque soit votre style de si\u00e8ge, moderne ou classique, je vous propose la finition la plus adapt\u00e9e gr\u00e2ce \u00e0 un grand choix de tissu. Je mets \u00e0 votre disposition mon savoir faire de d\u00e9coratrice pour transformer votre int\u00e9rieur et satisfaire vos envies.<\/p>\n<p>[\/vc_column_text][vc_column_text css=\u00a0\u00bb\u00a0\u00bb]<\/p>\n<p class=\"text-center\" style=\"text-align: center;\">N&rsquo;h\u00e9sitez pas \u00e0 me contacter.<\/p>\n<p>[\/vc_column_text][vc_btn title=\u00a0\u00bbContactez-nous\u00a0\u00bb align=\u00a0\u00bbcenter\u00a0\u00bb css=\u00a0\u00bb\u00a0\u00bb link=\u00a0\u00bburl:https%3A%2F%2Fmartideco.net%2Findex.php%2Fcontact%2F|title:Contact\u00a0\u00bb][vc_zigzag][vc_column_text]<strong>Chaises Andr\u00e9 Simard Airborne<\/strong><\/p>\n<p>Changement des mousses et nouveaux recouvrement tissu NOBILIS boucl\u00e9 jaune pour ensoleiller l&rsquo;hiver.[\/vc_column_text][vc_masonry_media_grid element_width=\u00a0\u00bb2&Prime; grid_id=\u00a0\u00bbvc_gid:1714321602053-f95acbbd-1764-1&Prime; include=\u00a0\u00bb718,717,716&Prime;][vc_zigzag][vc_column_text css=\u00a0\u00bb\u00a0\u00bb]<strong>Cabriolets de style Louis XV<\/strong><br \/>\nCabriolets de style Louis XV rajeuni tout en sobri\u00e9t\u00e9 avec un velours DESIGNERS GUILD.[\/vc_column_text][vc_masonry_media_grid element_width=\u00a0\u00bb2&Prime; grid_id=\u00a0\u00bbvc_gid:1714321602053-9a3879c8-58f6-1&Prime; include=\u00a0\u00bb744,745&Prime;][vc_zigzag][vc_column_text css=\u00a0\u00bb\u00a0\u00bb]<strong>Lit d&rsquo;enfant<\/strong><\/p>\n<p>Ancien lit d&rsquo;enfant rajeuni avec le tissu Rowan de ROMO. Le sommier int\u00e9gr\u00e9 a \u00e9t\u00e9 r\u00e9par\u00e9, un nouveau matelas en mousse, les garnitures des cot\u00e9s refaits et quelques collages sur la structure bois le remette en service pour l&rsquo;usage d&rsquo;une banquette ou d&rsquo;un petit lit d\u2019appoin[\/vc_column_text][vc_masonry_media_grid element_width=\u00a0\u00bb2&Prime; grid_id=\u00a0\u00bbvc_gid:1714321602054-49d7eaaa-6361-5&Prime; include=\u00a0\u00bb869,870,871,872,873,874&Prime;][vc_zigzag][vc_column_text css=\u00a0\u00bb\u00a0\u00bb]<strong>Vintage and Company<\/strong><\/p>\n<p>Nouveaux recouvrement bleu paon d&rsquo; AMARA de CASAL pour ce Free span des ann\u00e9es 1950. Le bois a \u00e9t\u00e9 ponc\u00e9, et recouvert d&rsquo;un vernis mat hydrofuge.[\/vc_column_text][vc_masonry_media_grid element_width=\u00a0\u00bb2&Prime; grid_id=\u00a0\u00bbvc_gid:1714321602054-63143a23-343c-2&Prime; include=\u00a0\u00bb875,876,877,878&Prime;][vc_zigzag][vc_column_text css=\u00a0\u00bb\u00a0\u00bb]<strong>Fauteuil canadien<\/strong><\/p>\n<p>Nouveaux coussins avec le tissu Optimiste d&rsquo;ETAMINE pour ce fauteuil canadien.[\/vc_column_text][vc_masonry_media_grid element_width=\u00a0\u00bb2&Prime; grid_id=\u00a0\u00bbvc_gid:1714321602054-effa88af-9808-7&Prime; include=\u00a0\u00bb777,778&Prime;][vc_zigzag][vc_column_text css=\u00a0\u00bb\u00a0\u00bb]<strong>Fauteuil Art Deco des ann\u00e9es 30\/40.<\/strong><\/p>\n<p>Recouvert de flanelle grise.[\/vc_column_text][vc_masonry_media_grid element_width=\u00a0\u00bb2&Prime; grid_id=\u00a0\u00bbvc_gid:1714321602054-aa38e542-4f7a-0&Prime; include=\u00a0\u00bb736,735,880&Prime;][vc_zigzag][vc_column_text css=\u00a0\u00bb\u00a0\u00bb]<strong>Sympa vintage<\/strong><\/p>\n<p>Transformation par recouvrement avec le tissu de LALIE DESIGN pour cette chauffeuse Pierre PAULIN CM190 de l&rsquo;\u00e9diteur Thonet.[\/vc_column_text][vc_masonry_media_grid element_width=\u00a0\u00bb2&Prime; grid_id=\u00a0\u00bbvc_gid:1714321602055-db1adb01-5097-7&Prime; include=\u00a0\u00bb882,881,883,884&Prime;][vc_zigzag][vc_column_text css=\u00a0\u00bb\u00a0\u00bb]<strong>Chaises en laiton vintage 1970<\/strong><\/p>\n<p>4 Chaises \u00e0 repas vintage en laiton par Willy Rizzo 1970, retapiss\u00e9es avec un tissu ivoire boucl\u00e9.[\/vc_column_text][vc_masonry_media_grid element_width=\u00a0\u00bb2&Prime; grid_id=\u00a0\u00bbvc_gid:1714321602055-669059b4-7309-6&Prime; include=\u00a0\u00bb886,887,888,889&Prime;][vc_zigzag][vc_column_text css=\u00a0\u00bb\u00a0\u00bb]<strong>Fauteuils Empire<\/strong><\/p>\n<p>Avec ses accotoirs sculpt\u00e9s de t\u00eate de dauphin, en Acajou blond de Saint Domingue, recouvert d&rsquo;une toile d&rsquo;impression animali\u00e8re africaine.[\/vc_column_text][vc_masonry_media_grid element_width=\u00a0\u00bb2&Prime; grid_id=\u00a0\u00bbvc_gid:1714321602055-43083096-8b42-6&Prime; include=\u00a0\u00bb890,891,892,893&Prime;][vc_zigzag][vc_column_text css=\u00a0\u00bb\u00a0\u00bb]<strong>Paire Fauteuils Crapaud<\/strong><\/p>\n<p>Fauteuils \u00ab\u00a0Crapaud\u00a0\u00bb recouvert du Nabuco de Designers guild, au design et et ton neutres, rentre dans beaucoup d&rsquo;int\u00e9rieurs diff\u00e9rents. Dossier cousu \u00e0 la main.[\/vc_column_text][vc_masonry_media_grid element_width=\u00a0\u00bb2&Prime; grid_id=\u00a0\u00bbvc_gid:1714321602055-ec107e1b-820f-6&Prime; include=\u00a0\u00bb786,784,783,785&Prime;][vc_zigzag][vc_column_text css=\u00a0\u00bb\u00a0\u00bb]<strong>Banquette Louis XVI<\/strong><\/p>\n<p>Cette banquette Louis XVI, d&rsquo;\u00e9poque XVIIIe si\u00e8cle, a subit quelques r\u00e9parations sur le bois ( collages, bouchages des anciens trous de semences, changement et rajout de taquets, traitement anti xylophages et r\u00e9parations des d\u00e9g\u00e2ts caus\u00e9s par les vers ) et la r\u00e9fection de l&rsquo;assise. Finition : Tissu NOBILIS Pixels rouge, clout\u00e9s.[\/vc_column_text][vc_masonry_media_grid element_width=\u00a0\u00bb2&Prime; grid_id=\u00a0\u00bbvc_gid:1714321602056-f8e007a2-b346-7&Prime; include=\u00a0\u00bb792,796,795,794,793&Prime;][vc_zigzag][vc_column_text css=\u00a0\u00bb\u00a0\u00bb]<strong>Fauteuil Napol\u00e9on III<\/strong><\/p>\n<p>Un coup de jeune pour ce fauteuil Napol\u00e9on III, avec Ruskin de Designers guild, apr\u00e8s restauration sur le bois et r\u00e9fection totale de l&rsquo;assise en crin v\u00e9g\u00e9tal et animal.[\/vc_column_text][vc_masonry_media_grid element_width=\u00a0\u00bb2&Prime; grid_id=\u00a0\u00bbvc_gid:1714321602056-7f3d2df1-3667-6&Prime; include=\u00a0\u00bb797,800,799,798&Prime;][vc_zigzag][vc_column_text css=\u00a0\u00bb\u00a0\u00bb]<strong>D\u00e9co jardins et terrasses<\/strong><\/p>\n<p>L&rsquo;\u00e9t\u00e9 arrive et je m&rsquo;occupe aussi de la d\u00e9coration de votre jardin et terrasse: Changement de toile de parasols, de chiliennes, transats, nappes, coussins&#8230;[\/vc_column_text][vc_masonry_media_grid element_width=\u00a0\u00bb2&Prime; grid_id=\u00a0\u00bbvc_gid:1714321602056-da19661d-c94b-0&Prime; include=\u00a0\u00bb801,803,804,805,802&Prime;][vc_zigzag][vc_column_text css=\u00a0\u00bb\u00a0\u00bb]<strong>Simulation Photoshop<\/strong><\/p>\n<p>Je peux vous aider \u00e0 choisir votre tissu et surtout vous aider \u00e0 l&rsquo;imaginer sur votre si\u00e8ge en faisant des simulations photoshop.[\/vc_column_text][vc_masonry_media_grid element_width=\u00a0\u00bb2&Prime; grid_id=\u00a0\u00bbvc_gid:1714321602056-1652199b-fb76-7&Prime; include=\u00a0\u00bb894,806,807,808,895&Prime;][vc_zigzag][vc_column_text css=\u00a0\u00bb\u00a0\u00bb]<strong>Chaise Louis XVI<\/strong><\/p>\n<p>Restauration d&rsquo;une chaise Louis XVI d&rsquo;\u00e9poque, dor\u00e9e sur assiette fuchsia , assise en crin v\u00e9g\u00e9tal et animal sur ressorts, fa\u00e7on traditionnel, puis recouverte d&rsquo;un velours imprim\u00e9 floral Prestigious Textil.[\/vc_column_text][vc_masonry_media_grid element_width=\u00a0\u00bb2&Prime; grid_id=\u00a0\u00bbvc_gid:1714321602057-52700a76-d4da-3&Prime; include=\u00a0\u00bb898,899,900,897,901,902&Prime;][vc_zigzag][vc_column_text css=\u00a0\u00bb\u00a0\u00bb]<strong>Curule du XVIIIe<\/strong><\/p>\n<p>Le tapissier traverse le temps et l&rsquo;histoire, aujourd&rsquo;hui avec cette curule d&rsquo;un chevalier du XVIIIe red\u00e9cor\u00e9e avec le velours Lido de CASAMANCE.[\/vc_column_text][vc_masonry_media_grid element_width=\u00a0\u00bb2&Prime; grid_id=\u00a0\u00bbvc_gid:1714321602057-fbab561b-5bf3-1&Prime; include=\u00a0\u00bb903,904,905&Prime;][vc_zigzag][vc_column_text css=\u00a0\u00bb\u00a0\u00bb]<strong>Chaise vintage scandinave<\/strong><\/p>\n<p>Chaise vintage scandinave qui reprend du service apr\u00e8s \u00eatre pass\u00e9e entre mes mains.<\/p>\n<p>Bois peint en noir et assise et dossier recouvert d&rsquo;un Alcantara orange cuivre.[\/vc_column_text][vc_masonry_media_grid element_width=\u00a0\u00bb2&Prime; grid_id=\u00a0\u00bbvc_gid:1714321602057-5b7a52e3-be8e-10&Prime; include=\u00a0\u00bb907,722,725,728&Prime;][vc_zigzag][vc_column_text css=\u00a0\u00bb\u00a0\u00bb]<strong>Canap\u00e9 Cinna<\/strong><\/p>\n<p>Nouveau look pour ce joli canap\u00e9 CINNA, recouvert avec le Mont Blanc de NOBILIS.[\/vc_column_text][vc_masonry_media_grid element_width=\u00a0\u00bb2&Prime; grid_id=\u00a0\u00bbvc_gid:1714321602057-75f95ed1-0005-10&Prime; include=\u00a0\u00bb741,743,742&Prime;][vc_zigzag][vc_column_text css=\u00a0\u00bb\u00a0\u00bb]<strong>Canap\u00e9 Louis Philippe<\/strong><\/p>\n<p>Sobri\u00e9t\u00e9 r\u00e9veill\u00e9e par l&rsquo;\u00e9l\u00e9gance du velours noir Massimo de Nobilis et le double cabl\u00e9 de Houl\u00e8s.<br \/>\nR\u00e9fection de la garniture de l&rsquo;assise, r\u00e9paration des traverses , Nettoyage et repatine du bois.[\/vc_column_text][vc_masonry_media_grid element_width=\u00a0\u00bb2&Prime; grid_id=\u00a0\u00bbvc_gid:1714321602057-383710a8-ef04-0&Prime; include=\u00a0\u00bb787,792,791,789,790,788&Prime;][vc_zigzag][vc_column_text css=\u00a0\u00bb\u00a0\u00bb]<strong>Paire de chaises vintage<\/strong><\/p>\n<p>Bois peint couleur bronze, dossier et assise recouvert de velours MASSIMO noir de NOBILIS[\/vc_column_text][vc_masonry_media_grid element_width=\u00a0\u00bb2&Prime; grid_id=\u00a0\u00bbvc_gid:1714321602058-272ddab5-2961-2&Prime; include=\u00a0\u00bb909,910,911&Prime;][vc_zigzag][vc_column_text css=\u00a0\u00bb\u00a0\u00bb]<strong>Chauffeuse girly chic<\/strong><\/p>\n<p>Transformation \u00e9tonnante de cette chauffeuse Louis Philippe avec un tissu vinyle argent NOBILIS.[\/vc_column_text][vc_masonry_media_grid element_width=\u00a0\u00bb2&Prime; grid_id=\u00a0\u00bbvc_gid:1714321602058-9b3bda6f-6075-0&Prime; include=\u00a0\u00bb738,737,740,739&Prime;][vc_zigzag][vc_column_text css=\u00a0\u00bb\u00a0\u00bb]<strong>Voltaire sous les palmiers<\/strong><\/p>\n<p>R\u00e9fection d&rsquo;un petit voltaire avec \u00ab\u00a0Palmeral\u00a0\u00bb de House of hackney.[\/vc_column_text][vc_masonry_media_grid element_width=\u00a0\u00bb2&Prime; grid_id=\u00a0\u00bbvc_gid:1714321602059-c952e3cb-686c-0&Prime; include=\u00a0\u00bb912,913,914&Prime;][vc_zigzag][vc_column_text css=\u00a0\u00bb\u00a0\u00bb]<strong>Fauteuil Voltaire<\/strong><\/p>\n<p>Un bel \u00e9talon pour VOLTAIRE :<br \/>\nRestauration des traverses attaqu\u00e9es par les parasites, patine noire transparente et vernis mat.<br \/>\nR\u00e9fection totale des pelotes fa\u00e7on traditionnelle.<br \/>\nCouverture avec French riviera de ELITIS.[\/vc_column_text][vc_masonry_media_grid element_width=\u00a0\u00bb2&Prime; grid_id=\u00a0\u00bbvc_gid:1714321602059-5276c795-84a8-7&Prime; include=\u00a0\u00bb917,915,916,918,919&Prime;][vc_zigzag][vc_column_text css=\u00a0\u00bb\u00a0\u00bb]<strong>T\u00eate de lit<\/strong><\/p>\n<p>Les innovations p\u00e9n\u00e8trent jusque dans la chambre \u00e0 coucher et les t\u00eates de lit sont d\u00e9sormais de vrais \u00e9l\u00e9ments de d\u00e9coration.<br \/>\nClassiques ou contemporaines, avec ou sans capitons, elles apportent une touche d\u00e9corative originale tout en prot\u00e9geant votre mur&#8230;<br \/>\nPour vos plaids, dessus et jet\u00e9s de lit, nous vous proposons plusieurs garnissage, matelass\u00e9s ou non, ainsi que de nombreuses finitions&#8230;<br \/>\nNous r\u00e9alisons \u00e9galement les parements de sommiers ainsi que les coussins pour r\u00e9aliser la d\u00e9coration de vos r\u00eaves!<br \/>\nT\u00eate de lit 240 x 140 cm garnie du tissu \u00ab\u00a0Funky\u00a0\u00bb de One Mario Sirtori, avec son \u00e9charpe de lit dans le m\u00eame tissu accord\u00e9s avec les coussins et rideaux en velours de coton mordor\u00e9s.<br \/>\nDessus de lit matelass\u00e9 en lin ton ivoire.<br \/>\nUn sage design contemporain pour une belle ambiance douillette et zen.[\/vc_column_text][vc_masonry_media_grid element_width=\u00a0\u00bb2&Prime; grid_id=\u00a0\u00bbvc_gid:1714321602059-af5371bc-f7a8-3&Prime; include=\u00a0\u00bb768,767&Prime;][vc_zigzag][vc_column_text css=\u00a0\u00bb\u00a0\u00bb]<strong>Canap\u00e9 Louis Philippe<\/strong><\/p>\n<p>Pour un zeste de rajeunissement.[\/vc_column_text][vc_masonry_media_grid element_width=\u00a0\u00bb2&Prime; grid_id=\u00a0\u00bbvc_gid:1714321602059-6972a877-c791-5&Prime; include=\u00a0\u00bb920,921&Prime;][vc_zigzag][vc_column_text]<\/p>\n<div class=\"container\" style=\"text-align: left;\">\n<div class=\"container\">\n<div class=\"container\">\n<p class=\"text-center\"><strong>Story Bridge<\/strong><\/p>\n<\/div>\n<\/div>\n<\/div>\n<p>[\/vc_column_text][vc_masonry_media_grid element_width=\u00a0\u00bb2&Prime; grid_id=\u00a0\u00bbvc_gid:1714321602060-7308970f-f912-9&Prime; include=\u00a0\u00bb779,780,781,782&Prime;][vc_zigzag][vc_column_text css=\u00a0\u00bb\u00a0\u00bb]<strong>Paire de chaises style Louis XVI<\/strong><\/p>\n<p>Deux simulations photoshop pour simuler deux tissu sur ces chaisses, qu&rsquo;auriez vous choisi ?[\/vc_column_text][vc_masonry_media_grid element_width=\u00a0\u00bb2&Prime; css=\u00a0\u00bb\u00a0\u00bb grid_id=\u00a0\u00bbvc_gid:1714321602060-a9d7dee9-cecf-6&Prime; include=\u00a0\u00bb772,771,776,773,774,770&Prime;][vc_zigzag][vc_column_text css=\u00a0\u00bb\u00a0\u00bb]<strong>Canap\u00e9 Tatlin de EDRA, avant\/apr\u00e8s<\/strong>[\/vc_column_text][vc_masonry_media_grid element_width=\u00a0\u00bb2&Prime; grid_id=\u00a0\u00bbvc_gid:1714321602060-55e13dc8-b44d-3&Prime; include=\u00a0\u00bb923,922&Prime;][\/vc_column][\/vc_row]<\/p>\n<\/div>","protected":false},"excerpt":{"rendered":"<p>[vc_row gap=\u00a0\u00bb\u00a0\u00bb pix_padding_top=\u00a0\u00bb\u00a0\u00bb pix_padding_bottom=\u00a0\u00bb\u00a0\u00bb radius=\u00a0\u00bb\u00a0\u00bb ptextcolor=\u00a0\u00bb\u00a0\u00bb overflow=\u00a0\u00bb\u00a0\u00bb gradient_direction=\u00a0\u00bb\u00a0\u00bb gradient_opacity=\u00a0\u00bb\u00a0\u00bb shadow=\u00a0\u00bb\u00a0\u00bb shadow_effect=\u00a0\u00bb\u00a0\u00bb][vc_column][vc_column_text] Tapisserie d&rsquo;ameublement [\/vc_column_text][vc_column_text css=\u00a0\u00bb\u00a0\u00bb] De la simple re-couverture \u00e0 la r\u00e9fection compl\u00e8te de vos si\u00e8ges, je leur redonne une seconde vie dans le plus pur respect de la tradition et de qualit\u00e9 : sanglage, ressorts et garniture en crin. Quelque soit votre style de [&hellip;]<\/p>\n","protected":false},"author":2,"featured_media":0,"parent":0,"menu_order":0,"comment_status":"closed","ping_status":"closed","template":"","meta":{"footnotes":""},"class_list":["post-16","page","type-page","status-publish","hentry"],"_links":{"self":[{"href":"https:\/\/martideco.net\/index.php\/wp-json\/wp\/v2\/pages\/16","targetHints":{"allow":["GET"]}}],"collection":[{"href":"https:\/\/martideco.net\/index.php\/wp-json\/wp\/v2\/pages"}],"about":[{"href":"https:\/\/martideco.net\/index.php\/wp-json\/wp\/v2\/types\/page"}],"author":[{"embeddable":true,"href":"https:\/\/martideco.net\/index.php\/wp-json\/wp\/v2\/users\/2"}],"replies":[{"embeddable":true,"href":"https:\/\/martideco.net\/index.php\/wp-json\/wp\/v2\/comments?post=16"}],"version-history":[{"count":33,"href":"https:\/\/martideco.net\/index.php\/wp-json\/wp\/v2\/pages\/16\/revisions"}],"predecessor-version":[{"id":1109,"href":"https:\/\/martideco.net\/index.php\/wp-json\/wp\/v2\/pages\/16\/revisions\/1109"}],"wp:attachment":[{"href":"https:\/\/martideco.net\/index.php\/wp-json\/wp\/v2\/media?parent=16"}],"curies":[{"name":"wp","href":"https:\/\/api.w.org\/{rel}","templated":true}]}}