{"id":449,"date":"2021-12-14T21:46:39","date_gmt":"2021-12-14T20:46:39","guid":{"rendered":"http:\/\/localhost\/Martideco\/?page_id=449"},"modified":"2024-04-07T19:19:24","modified_gmt":"2024-04-07T17:19:24","slug":"abat-jours-sur-mesure","status":"publish","type":"page","link":"https:\/\/martideco.net\/index.php\/abat-jours-sur-mesure\/","title":{"rendered":"Abat-jours sur mesure"},"content":{"rendered":"<div class=\"wpb-content-wrapper\"><p>[vc_row][vc_column][vc_column_text]<\/p>\n<h2 style=\"text-align: center;\">Abat-jours sur mesure<\/h2>\n<p>[\/vc_column_text][vc_column_text]L&rsquo;atelier Martid\u00e9co r\u00e9pond \u00e0 la demande de clients d\u00e9sirant refaire leur abat-jour chapeautant leur lampe.<\/p>\n<p>Nous vous conseillons pour le choix du tissu ou du beaux papier, suivant la forme de la carcasse et le style du pied.[\/vc_column_text][vc_masonry_media_grid grid_id=\u00a0\u00bbvc_gid:1712510274106-72470bfe-27e1-7&Prime; include=\u00a0\u00bb763,762,761,766,765,759,756,753,750&Prime;][\/vc_column][\/vc_row]<\/p>\n<\/div>","protected":false},"excerpt":{"rendered":"<p>[vc_row][vc_column][vc_column_text] Abat-jours sur mesure [\/vc_column_text][vc_column_text]L&rsquo;atelier Martid\u00e9co r\u00e9pond \u00e0 la demande de clients d\u00e9sirant refaire leur abat-jour chapeautant leur lampe. Nous vous conseillons pour le choix du tissu ou du beaux papier, suivant la forme de la carcasse et le style du pied.[\/vc_column_text][vc_masonry_media_grid grid_id=\u00a0\u00bbvc_gid:1712510274106-72470bfe-27e1-7&Prime; include=\u00a0\u00bb763,762,761,766,765,759,756,753,750&Prime;][\/vc_column][\/vc_row]<\/p>\n","protected":false},"author":2,"featured_media":0,"parent":0,"menu_order":0,"comment_status":"closed","ping_status":"closed","template":"","meta":{"footnotes":""},"class_list":["post-449","page","type-page","status-publish","hentry"],"_links":{"self":[{"href":"https:\/\/martideco.net\/index.php\/wp-json\/wp\/v2\/pages\/449","targetHints":{"allow":["GET"]}}],"collection":[{"href":"https:\/\/martideco.net\/index.php\/wp-json\/wp\/v2\/pages"}],"about":[{"href":"https:\/\/martideco.net\/index.php\/wp-json\/wp\/v2\/types\/page"}],"author":[{"embeddable":true,"href":"https:\/\/martideco.net\/index.php\/wp-json\/wp\/v2\/users\/2"}],"replies":[{"embeddable":true,"href":"https:\/\/martideco.net\/index.php\/wp-json\/wp\/v2\/comments?post=449"}],"version-history":[{"count":8,"href":"https:\/\/martideco.net\/index.php\/wp-json\/wp\/v2\/pages\/449\/revisions"}],"predecessor-version":[{"id":864,"href":"https:\/\/martideco.net\/index.php\/wp-json\/wp\/v2\/pages\/449\/revisions\/864"}],"wp:attachment":[{"href":"https:\/\/martideco.net\/index.php\/wp-json\/wp\/v2\/media?parent=449"}],"curies":[{"name":"wp","href":"https:\/\/api.w.org\/{rel}","templated":true}]}}